d t?
3
Suppose -d - 4*o + 123 = 0, 4*d - 5*d - 3*o = -126. Calculate the greatest common factor of 75 and d.
15
Suppose -32 + 299 = -z. Let c = -141 - z. Calculate the highest common factor of 14 and c.
14
Suppose 64*p + 28 = 66*p. What is the highest common factor of 70 and p?
14
Let h be 570/16 + -1 + (-11)/(-8). Calculate the greatest common factor of 48 and h.
12
Let p be 1782 + 2*(-63)/18. Calculate the greatest common divisor of p and 25.
25
Let q(h) = -175*h - 9. Let z be q(-2). Calculate the greatest common divisor of z and 11.
11
Let i be 126*(30/4 - -3). Calculate the highest common divisor of i and 81.
27
Let s be ((-9)/4 - -2) + (-50)/(-8). Suppose 0 = -4*b + 56 - 16. Let y = b + s. What is the greatest common divisor of y and 96?
16
Let a be 16/4 + (72 - -2). What is the greatest common factor of a and 1131?
39
Let s be (-4)/(-10) + (-531)/15. Let v = s - -80. Let t(x) = x**2 + 4*x. Let z be t(-5). What is the greatest common divisor of z and v?
5
Suppose -3*y = y - 148. Calculate the highest common factor of y and 185.
37
Suppose -o + 6*d = 2*d - 27, 2*o - 42 = -4*d. Let h = -11 + o. What is the highest common divisor of h and 4?
4
Suppose -245 = -3*a + 283. Let q = 7 - -1. Suppose -q*z - 16 = -9*z. What is the greatest common factor of z and a?
16
Let f = 0 + 0. Suppose 3*a + 4 = -3*m - 11, f = 2*m - 3*a + 30. Let o be (-83)/m - 2/9. Calculate the highest common divisor of 9 and o.
9
Let r(h) = 13*h**3 - 3*h**2 - 17*h + 72. Let q be r(5). Calculate the greatest common divisor of q and 53.
53
Let t(z) = -4 - 3 - 24*z + 5*z. Let s be t(-2). Calculate the highest common factor of 31 and s.
31
Let k(o) = -3*o**3 - o - 3*o**2 - 2*o + 0 + 2. Let v be k(-3). Let p(t) = -t**3 + 7*t**2 + 9*t + 5. Let d be p(8). What is the highest common factor of d and v?
13
Let d = 6 - 19. Let o be -1 + 1 - (27 + -6). Let j = d - o. What is the highest common divisor of j and 72?
8
Let i(h) = 4*h. Let o be i(-5). Let y be 13/4 + (-15)/o. Suppose -3*r + k + 9 = 0, -4*r + 39 = 4*k + 11. What is the highest common divisor of r and y?
4
Suppose l + 159 + 69 = 5*v, -2*l = -4*v + 180. Let b = v - 28. Calculate the greatest common divisor of b and 144.
18
Let z be (-6)/12*(0 + 0 + 2). Let t = z - -7. What is the greatest common divisor of t and 15?
3
Let x(l) = -l + 23. Let z be x(7). Suppose 3*m + 33 = 3*r, r - 2*r + 2*m = -10. Let d be -32*(-1)/3*r. What is the greatest common factor of d and z?
16
Let t = -412 + 468. Calculate the greatest common divisor of 182 and t.
14
Let i be (-4 - -2) + 10 + 0. Let l = -425 - -298. Let c be (-2)/4*(l + -1). What is the greatest common factor of c and i?
8
Let m be 80/5 + (0 - 1). Let h be 3/9 + (-42)/(-9). Suppose 4*k = -l + m, -5*l + h*k + 200 = -0*k. What is the greatest common factor of 7 and l?
7
Let x(u) = -13*u - 2 + 48*u**2 - 6 + 48*u**2 - 95*u**2. Let j be x(14). What is the greatest common divisor of j and 27?
3
Let x(l) = -l**3 - 24*l**2 - 43*l + 78. Let b be x(-22). Calculate the highest common divisor of 112 and b.
56
Let l(p) = -372*p - 983. Let g be l(-3). Let k(c) = 19*c**3 - c + 1. Let m be k(1). What is the highest common divisor of g and m?
19
Let y = -6 - -4. Let x(u) = 7*u**2 - 1. Let o be x(-1). Let q = y + o. What is the highest common factor of 16 and q?
4
Suppose -5*v - 638 = -3*g, v + 2*v - 4*g = -385. Let t = -67 - v. Calculate the highest common divisor of 150 and t.
30
Suppose -5*y + 2*h + 92 = -0*h, -h = 4*y - 84. Suppose 0 = -5*o - 23 + 273. What is the greatest common divisor of y and o?
10
Let y be (-10)/(-2)*(-2)/(-2). Suppose 0 = 3*v - y*v + 60. Calculate the greatest common factor of v and 10.
10
Let g(s) = 3*s**2 + 12*s + 10. Suppose 3*p + m + 5 + 4 = 0, -4*p - 5*m - 1 = 0. Let x be g(p). Calculate the highest common divisor of 4 and x.
2
Suppose -3*c + c = -28. Let n be ((-4)/(-3))/(c/105). Suppose -2*s + 2*r + 28 = 0, -r = 3*s + 1 - 27. What is the greatest common factor of s and n?
10
Let b be 2/(-27) + 25298/351. What is the greatest common divisor of 252 and b?
36
Suppose 4*o + 5*j - 101 = 75, 0 = 3*o + 5*j - 127. What is the highest common divisor of 119 and o?
7
Let x be ((-2)/7)/((-51)/51765). Calculate the greatest common divisor of x and 5.
5
Let d(g) = -g**3 - 12*g**2 + 13*g - 7. Let x be d(-13). Let b be (-5649)/49 + (-2)/x. Let w = -65 - b. Calculate the highest common divisor of w and 20.
10
Let d(t) = 2*t**2 + 28*t - 19. Let p be d(-16). Calculate the highest common divisor of 300 and p.
15
Let y be 100/(-45) - -2 - 438/(-27). Let f = -14 + y. What is the highest common divisor of 1 and f?
1
Let p = -864 + 919. Calculate the highest common divisor of p and 1375.
55
Let l be (-8)/6 - (1784/(-6) - 10). What is the highest common divisor of 36 and l?
18
Suppose 18*o + 14 = 122. Let i = -45 + 63. Calculate the highest common factor of i and o.
6
Suppose -2*g + 5*w + 35 = 0, 3*w + 1 = -g + 2. Suppose 16 = -0*y + 2*y. Let b be 4 + (-20)/y - (-2)/4. What is the highest common factor of b and g?
2
Let s be 4/(-14) - 120/70. Let t = 3 - s. Suppose t*j - 180 = -0*j - 3*v, 2*v - 108 = -3*j. Calculate the highest common divisor of j and 24.
12
Let z(r) = -7*r + 60. Let p be z(8). What is the highest common factor of 6 and p?
2
Let x(f) = 18*f**2 - 2. Let i be x(-5). Suppose -6*k + i = -2*k. Let s(t) = 2*t**2 - 8*t + 4. Let z be s(6). What is the greatest common factor of z and k?
28
Suppose a - 6 = -3*h, 0 = -5*a - h - 0*h + 44. What is the greatest common factor of 81 and a?
9
Let c(k) = -k**3 - k**2 + 4*k - 1. Let w be c(-3). Suppose w*n - 16 = 3*n. Calculate the greatest common factor of 20 and n.
4
Suppose 5*b = -3*h - 1, -h = -b - 4*b - 13. Let r(f) = 2*f**2 - 3*f - 3. Let j be r(b). Calculate the highest common divisor of j and 66.
11
Let x(q) = q + 9. Let f be x(-17). Let g = 8 - f. Suppose -4*w + 0*w + 256 = 0. What is the highest common divisor of g and w?
16
Let m be (-40)/(-12)*(-96)/(-80). What is the greatest common divisor of m and 74?
2
Suppose 2*r - 94 = 4*x, -3*x + 4*r = 2*x + 110. Let p = x - -10. Let z = 26 + p. What is the greatest common divisor of 2 and z?
2
Suppose 5*j = -4*n + 23, -2*n - 3*n + 4*j = -39. Suppose -4*q + 33 = f, 14 = 2*f - q - n. Let d = f - -2. What is the greatest common divisor of 105 and d?
15
Let c(z) = -12*z**3 + 2*z + 2. Let g be c(-1). Suppose 0 = o - 15 + 3. Calculate the greatest common divisor of o and g.
12
Let y = 1 + 35. Let b = -147 - -114. Let p = b + y. Calculate the greatest common divisor of p and 6.
3
Let d be ((-2)/(-2))/(4/64). Suppose l - 24 = -d. What is the greatest common factor of 72 and l?
8
Let v be 0/1*(6 - 5) + 62. What is the highest common divisor of 837 and v?
31
Suppose 4*j - 58 = -3*t, 19 = 5*t + 5*j - 71. Let w be (-918)/(-27) + 2 + 0. Suppose -p + 6 = -w. What is the greatest common factor of p and t?
14
Suppose -15*l + 151 = -74. What is the highest common factor of 15 and l?
15
Suppose -16 = -4*l + 4. Let a = -1 + 1. Suppose d + 2*k - 2 = a, 0 = -2*d - 0*d + k + 24. What is the greatest common divisor of d and l?
5
Let p(j) = 34*j**2 + 9*j + 2. Let g be p(3). Suppose 0 = 7*d - g - 15. Calculate the greatest common divisor of d and 10.
10
Let c(x) = -4*x**2 + 73*x + 5. Let y be c(18). Calculate the greatest common factor of 667 and y.
23
Let z = -40 + 81. Suppose -z = -q + l, 4*q - 4*l - 174 = -2*l. Let r be (65 - 2) + (200/34 - (-26)/221). What is the highest common divisor of q and r?
23
Let g(j) = 4*j**2 - 6*j. Let k be g(4). Let r(n) = -n - 1. Let q be r(16). Let h = q + k. What is the greatest common factor of 207 and h?
23
Let n(h) = -h**3 + 2*h**2 + 4*h + 11. Let x be n(4). Let c(j) = -j**2 - 8*j + 7. Let k be c(x). What is the greatest common factor of 88 and k?
22
Let j be 19*(-1 - 0)*-7. Suppose 0 = -12*u + 46 + 182. What is the greatest common factor of u and j?
19
Let u(o) = -o**2 + 7*o + 2. Let r be 2*(-2 + (-54)/(-3)). Suppose 2 = -5*h + r. Let z be u(h). What is the highest common factor of 32 and z?
8
Suppose -k = -3*k - 10. Let u(g) = -g**3 - 4*g**2 + 5*g + 3. Let o be u(k). Suppose 0 = -o*c + 80 - 26. What is the greatest common factor of c and 27?
9
Let d = 0 - -3. Suppose 0 = d*c - 35 - 40. Let g = 60 - c. What is the greatest common factor of g and 14?
7
Let s be (100/14)/(-2)*